- x**3 + 2*x**2 - 7*x + 11. Is f(v) a composite number?
True
Let x(q) = -97*q**3 - 10*q**2 - 27*q + 249. Is x(-17) prime?
True
Let x(o) = -3*o**2 + 3*o + 32888. Let q be x(0). Suppose -4*b = -4*f - 21818 - 11058, -4*b + f = -q. Is b a prime number?
False
Suppose -10*h = -5 - 15. Suppose 2*b = -h, 9*u = 10*u - 5*b - 7. Suppose -u*c = f - 2577, 0 = -f + 2*c + 1432 + 1149. Is f composite?
False
Let q be (-24)/((2/(-130))/(3 + 10)). Suppose -4*y - y - q = -5*h, 4*h - 5*y = 16222. Suppose 0 = o - 3*k - 1043, k + 1157 + h = 5*o. Is o a prime number?
False
Let o(l) = -5*l**3 + 911*l**2 + 9*l - 3. Is o(14) prime?
False
Let k = 1170 + 2617. Is k prime?
False
Let p be -105*-6*371/14. Suppose -3*n = 4*b - 25037, p = n + n - b. Is n prime?
False
Suppose 5*t + 5 + 7 = 3*z, 0 = -4*z - 2*t - 10. Let w(i) = 3*i**2 - i - 2. Let l be w(z). Is 3436/7 + l/14 a prime number?
True
Suppose -276*t = -23717164 + 4233496. Is t a composite number?
True
Let d = -23974 - -64667. Is d composite?
False
Let h(i) = -2*i**3 + 19*i**2 + 10*i - 4. Let c(d) = 5*d**3 - 39*d**2 - 19*d + 7. Let n(m) = -6*c(m) - 13*h(m). Is n(-9) a prime number?
True
Let b = 5425 + 10455. Let t = 22875 - b. Suppose 0 = -9*z + 4*z + t. Is z a prime number?
True
Let d = -6775 - -12398. Is d composite?
False
Let x be ((-32)/80)/((-2)/5). Let h = 127 + -130. Is (-907)/((-2 + x)*(-3)/h) composite?
False
Suppose -j + 54593 = s - 29568, 2*j - 168336 = 5*s. Is j a prime number?
True
Let b(v) = -6537*v + 215. Is b(-2) composite?
True
Let q be (3175 + 1)*(0 - -1). Suppose -5*f + 2*u - 36 = 6*u, -3*f = -5*u - 8. Is q/40 + f/10 prime?
True
Suppose 5*d = 2*n + 2461691, -120*n = -124*n - 32. Is d prime?
False
Suppose -19511 - 44323 = -z - x, -x - 319200 = -5*z. Is z a prime number?
True
Let h(m) = 8*m**2 + 11*m**2 + 46 - 12*m - 24*m**2 + 6*m**2. Is h(15) a prime number?
False
Is (5 - (-119200)/(-15) - -8)*3/(-1) a prime number?
True
Let n = 149 - 133. Let v = 633 + n. Is v composite?
True
Let z(i) = i**3 + 5*i**2 - 8*i + 6. Let j be z(3). Is 15192/j*(-174)/(-8) prime?
False
Let v be 0 - 29078 - 55/(-11). Let w = 47440 + v. Is w prime?
True
Let c(t) = 10*t - 21 + 18*t + 294*t**2 - 23*t. Is c(4) composite?
False
Let k = 9410 - 2071. Suppose -3*r = 2*x - k, x + 3*x - r = 14713. Is x a composite number?
False
Suppose 4*m - 5*i = 70487, -3*m + 22*i = 24*i - 52871. Is m a composite number?
False
Suppose 0 = -11*b - 11 + 66. Let f(r) = r**3 + b*r**3 + 16*r**2 - 5*r**3 - 6. Is f(-15) a prime number?
False
Let d(a) = 1148*a + 904*a - 31 + 318*a. Is d(6) composite?
True
Is (-116)/(-3)*22647 + 97 + -92 prime?
True
Let u(z) be the first derivative of -z**3/3 + z**2/2 + 91*z + 13. Let n = 36 + -36. Is u(n) a composite number?
True
Let p be 3/18 - 195798/36*-1. Let j = 2612 + p. Is j a composite number?
True
Let q(u) be the third derivative of -299*u**4/24 - 7*u**3 - 8*u**2 + 5. Suppose -2*h = 6, -3*t = 5*h + 31 + 23. Is q(t) a prime number?
False
Suppose 120831 + 68169 = 25*d. Suppose -35556 = -12*j - d. Is j prime?
True
Suppose 0 = -13*c - 806240 + 314489. Is c/(-3) - 1*-2 prime?
True
Let k = -6592 - -4334. Let u = 9321 - k. Is u a prime number?
True
Let s = 815 - 817. Let c(l) = -1025*l + 9. Is c(s) composite?
True
Let x(d) = -83 + 84*d**2 + 7*d + 45 + 41. Is x(-4) a composite number?
False
Is -5 - (1019164/(-30) + 36/270) prime?
True
Suppose 29*v - 15*v = -25*v + 8113443. Is v a prime number?
True
Suppose -3*x + 1808648 = 4*c, 0 = -186*x + 190*x - 16. Is c prime?
True
Let r(g) = g**3 - 10*g**2 - 19*g + 19. Let u be r(13). Let b be (-28)/(-4) - 3 - u. Let d = 501 + b. Is d a prime number?
False
Is 784277 + (-4 - 72/(-9)) composite?
True
Let i be ((-78)/(-52))/((-1)/(-118)). Suppose 184*a - i*a = 79121. Is a a prime number?
False
Suppose -108*i + 1268162 = -94*i. Is i a prime number?
True
Let s(b) = 7*b**3 + 2*b**2 + 4*b + 3. Let d be s(-1). Let x be (-2)/6 - 2/d. Suppose r - 3*r + 4126 = x. Is r a prime number?
True
Let o = -11 - -61. Suppose 19*m = 29*m - o. Suppose -2*b - 3 = -3*b, y = -m*b + 592. Is y composite?
False
Let u = -39 - -41. Let l = 0 + u. Let c(f) = 37*f**3 - 3*f + 3. Is c(l) a composite number?
False
Suppose 3*s + 4*o - 11610 = 68199, -4*o = 5*s - 133007. Is s composite?
True
Is ((-2)/(-6))/((-260)/(-30571320)) a composite number?
True
Let a = 71306 - -160847. Is a a composite number?
False
Is (-3524171)/(-21) + (-2)/3 + -8 prime?
True
Is 8 + -3 - -3 - -64463 a prime number?
False
Let z = -4274 + 5895. Is z composite?
False
Suppose 63315 = -19*j + 4*j. Let c = j + 9308. Is c a prime number?
True
Suppose -3*h - 928 = -m, -2*m + 143 = -3*h - 783. Let v = -279 - -132. Let n = v - h. Is n composite?
False
Let g(a) = 357*a**2 - 7*a + 303. Is g(-38) composite?
False
Suppose -2*m - 1082418 = -4*p, 0 = -2*p + 4*m - 23098 + 564304. Is p prime?
False
Suppose -4*c - 4*n = -608732, 5*c + 2*n = 7*n + 760905. Is c a prime number?
False
Let d be 2/8 + (-57)/(-12). Suppose -13*p + 12499 = 3*o - 9*p, d*o = 3*p + 20851. Is o composite?
True
Let n = -309118 + 593507. Is n prime?
False
Let o = -84 - -82. Is o*(-85)/(-30)*-156 - -3 prime?
True
Suppose -5*k + 3*k - 1963598 = -16*k. Is k a prime number?
False
Let c be (-1)/(-4 - 9431/(-2358)). Let l be 5 - ((-18)/21)/(2/504). Let h = c + l. Is h a prime number?
True
Let m(w) = 111*w + 158. Let u be m(20). Suppose 3*k = g + u, 5*k + g = 2*k + 2380. Is k a composite number?
True
Is 3604861*-3*(-7)/273 a composite number?
False
Let q = 244 - 240. Suppose 288 - 1468 = -n + 3*s, -4*n - q*s + 4672 = 0. Is n a prime number?
True
Let g be ((-46)/(-6))/((-1)/(-3)). Let f = -29 + g. Let i(o) = -89*o - 7. Is i(f) prime?
False
Let c be 60/64*4/3*4. Let j = c - 5. Suppose -3*i = 12, -5*i + 3061 = -j*z + 3*z. Is z a composite number?
True
Suppose 11 = k - 4. Suppose -k = 2*g - 5*g. Suppose 3*a - 3*v = 942, -1594 = -g*a + 3*v - 6*v. Is a prime?
True
Is ((-2)/4)/((-371)/218861062) composite?
True
Let k(r) = r**3 + 5*r. Let g be k(0). Suppose g = -16*o + 108086 + 12858. Is o composite?
False
Suppose 193*v = 16*v + 17994705. Is v prime?
False
Let c be -69*4*1/6. Let v be (4 - (-8542)/10) + (-16)/(-20). Let o = c + v. Is o a composite number?
True
Let y = 246 + -238. Is ((-21)/(-3))/(((-32)/(-3908))/y) composite?
True
Suppose 6*f + 43863 = -3*f + 12*f. Is f a prime number?
True
Let h = -89 - -155. Let w = -4 + -27. Let j = w + h. Is j a prime number?
False
Suppose -2*a - 16 = -b - 212, 3*b = 12. Is ((-127850)/a)/(1/(-2)) a composite number?
False
Suppose 0 = 7*h - 3361 - 161328. Let g = -16310 + h. Is g a composite number?
True
Let a(y) be the first derivative of 5*y**2/2 - 4*y + 2. Let q be a(6). Suppose q + 751 = 3*m. Is m prime?
False
Let s(r) = 8*r - 12. Let h(i) = 7*i - 12. Let o(a) = 7*h(a) - 6*s(a). Let j be o(-6). Let b(c) = -183*c + 47. Is b(j) a prime number?
False
Let i = -29177 - -41110. Let c = 19002 - i. Is c a composite number?
False
Suppose 7*r - 63793 = 27088. Suppose 0 = z + 3*p + p - 3227, -r = -4*z - p. Is z composite?
True
Let d(g) = g + 8. Let a be d(-4). Let l(h) = 262*h**2 + 7*h - 19. Is l(a) a composite number?
False
Suppose 2*q + 8956 = -2364. Let s = 8229 + q. Is s composite?
True
Let z = -4205 + 2725. Let a = z + 7509. Is a a composite number?
False
Let t(g) = g**3 - 25*g**2 + 33*g + 14. Let c be t(26). Let b = c - 551. Is b a prime number?
True
Let z = 2241 - -1617. Let j = 2491 + z. Is j prime?
False
Let k(j) = 9*j**3 + j**2 - 19. Let m be k(-6). Let x = -644 - m. Is x composite?
False
Suppose 48*p = 1752 + 168. Is p/(8 - 13) - -23749 prime?
True
Suppose 12*m - 332 - 196 = 0. Is (-3)/(18/(-10420))*66/m composite?
True
Let z = 21 - 18. Suppose 3*a - 24 = z*n, -25 = 5*n - 2*a - 0*a. Let b(q) = -52*q**3 - 2*q**2 + q - 4. Is b(n) composite?
True
Suppose 145*q - 3186522 = 4332163. Is q composite?
False
Let r = -451851 + 640460. Is r a prime number?
True
Suppose -w - 5*c = -5*w + 28, -2*w - 12 = 4*c. Suppose -4*r - 156 = -2*x - 2*x, -w*x = -r - 76. Is x a composite number?
False
Suppose 3*z = -q + 7281, 0 = 3*q + 4*z - 26148 + 4330. Suppose -4*l + 7*b - 3*b = -14572, 3*b = -2*l + q. Is l prime?
False
Let p be (-4)/(-14) + (5 - (-65112)/56). Let z = p - 51. Is z prime?
True
Let c(f) = -25*f**3 + 2*f**2 + 4*f - 11. Let r be c(2). Let x = r - -698. Is x a prime number?
True